vided by 178?
83
Calculate the remainder when 2747 is divided by 22.
19
Calculate the remainder when 21213 is divided by 51.
48
Calculate the remainder when 137 is divided by 59.
19
What is the remainder when 2277 is divided by 34?
33
Calculate the remainder when 87 is divided by 15.
12
What is the remainder when 103 is divided by 31?
10
Calculate the remainder when 3229 is divided by 112.
93
Calculate the remainder when 1764 is divided by 103.
13
Calculate the remainder when 1749 is divided by 859.
31
Calculate the remainder when 21189 is divided by 13.
12
What is the remainder when 385 is divided by 385?
0
What is the remainder when 1916 is divided by 10?
6
Calculate the remainder when 199 is divided by 8.
7
Calculate the remainder when 40 is divided by 14.
12
Calculate the remainder when 13466 is divided by 182.
180
What is the remainder when 181 is divided by 59?
4
Calculate the remainder when 508 is divided by 10.
8
Calculate the remainder when 247 is divided by 29.
15
Calculate the remainder when 287 is divided by 10.
7
Calculate the remainder when 569 is divided by 34.
25
Calculate the remainder when 611 is divided by 117.
26
Calculate the remainder when 1077 is divided by 49.
48
What is the remainder when 120 is divided by 72?
48
Calculate the remainder when 102 is divided by 8.
6
Calculate the remainder when 778 is divided by 19.
18
What is the remainder when 10 is divided by 10?
0
Calculate the remainder when 15019 is divided by 58.
55
Calculate the remainder when 315 is divided by 311.
4
Calculate the remainder when 1783 is divided by 455.
418
Calculate the remainder when 13 is divided by 7.
6
Calculate the remainder when 57 is divided by 27.
3
What is the remainder when 199 is divided by 25?
24
What is the remainder when 984 is divided by 43?
38
What is the remainder when 165 is divided by 9?
3
Calculate the remainder when 1081 is divided by 108.
1
Calculate the remainder when 192 is divided by 28.
24
What is the remainder when 796 is divided by 44?
4
What is the remainder when 155 is divided by 44?
23
What is the remainder when 190 is divided by 45?
10
Calculate the remainder when 105 is divided by 30.
15
Calculate the remainder when 85 is divided by 22.
19
Calculate the remainder when 17861 is divided by 58.
55
Calculate the remainder when 547 is divided by 270.
7
What is the remainder when 7966 is divided by 25?
16
What is the remainder when 1685 is divided by 26?
21
What is the remainder when 1517 is divided by 95?
92
What is the remainder when 47 is divided by 26?
21
Calculate the remainder when 318 is divided by 156.
6
Calculate the remainder when 480 is divided by 158.
6
Calculate the remainder when 507 is divided by 30.
27
Calculate the remainder when 4934 is divided by 35.
34
What is the remainder when 11933 is divided by 11?
9
Calculate the remainder when 298 is divided by 60.
58
What is the remainder when 852 is divided by 422?
8
What is the remainder when 2712 is divided by 65?
47
What is the remainder when 73156 is divided by 89?
87
Calculate the remainder when 285 is divided by 24.
21
What is the remainder when 93 is divided by 43?
7
Calculate the remainder when 225 is divided by 23.
18
What is the remainder when 1040 is divided by 18?
14
What is the remainder when 8907 is divided by 110?
107
Calculate the remainder when 1099 is divided by 100.
99
Calculate the remainder when 1479 is divided by 78.
75
What is the remainder when 1204 is divided by 9?
7
What is the remainder when 64 is divided by 21?
1
Calculate the remainder when 560 is divided by 278.
4
Calculate the remainder when 614 is divided by 22.
20
Calculate the remainder when 87234 is divided by 452.
450
What is the remainder when 1232 is divided by 281?
108
What is the remainder when 496 is divided by 245?
6
Calculate the remainder when 275 is divided by 46.
45
Calculate the remainder when 1199 is divided by 155.
114
What is the remainder when 317 is divided by 47?
35
Calculate the remainder when 1780 is divided by 22.
20
Calculate the remainder when 258 is divided by 84.
6
Calculate the remainder when 7561 is divided by 124.
121
Calculate the remainder when 226 is divided by 115.
111
Calculate the remainder when 568 is divided by 70.
8
Calculate the remainder when 8902 is divided by 84.
82
Calculate the remainder when 238 is divided by 15.
13
What is the remainder when 144 is divided by 30?
24
What is the remainder when 80 is divided by 41?
39
Calculate the remainder when 10222 is divided by 24.
22
What is the remainder when 278 is divided by 50?
28
Calculate the remainder when 19 is divided by 12.
7
Calculate the remainder when 774 is divided by 336.
102
What is the remainder when 317 is divided by 6?
5
Calculate the remainder when 19431 is divided by 169.
165
What is the remainder when 374 is divided by 124?
2
What is the remainder when 529 is divided by 133?
130
What is the remainder when 46 is divided by 29?
17
Calculate the remainder when 1101 is divided by 59.
39
Calculate the remainder when 3576 is divided by 43.
7
Calculate the remainder when 48 is divided by 23.
2
Calculate the remainder when 324 is divided by 162.
0
What is the remainder when 26 is divided by 13?
0
Calculate the remainder when 46 is divided by 32.
14
Calculate the remainder when 6506 is divided by 23.
20
What is the remainder when 358 is divided by 64?
38
What is the remainder when 413 is divided by 69?
68
What is the remainder when 191 is divided by 21?
2
Calculate the remainder when 569 is divided by 26.
23
What is the remainder when 286 is divided by 16?
14
What is the remainder when 911 is divided by 114?
113
Calculate the remainder when 729 is divided by 86.
41
Calculate the remainder when 191 is divided by 12.
11
What is the remainder when 199 is divided by 52?
43
What is the remainder when 527 is divided by 16?
15
Calculate the remainder when 198 is divided by 92.
14
Calculate the remainder when 370 is divided by 11.
7
What is the remainder when 131 is divided by 36?
23
What is the remainder when 446 is divided by 401?
45
What is the remainder when 151 is divided by 65?
21
Calculate the remainder when 91 is divided by 46.
45
What is the remainder when 164 is divided by 62?
40
Calculate the remainder when 142 is divided by 31.
18
Calculate the remainder when 267 is divided by 81.
24
Calculate the remainder when 150 is divided by 51.
48
Calculate the remainder when 57 is divided by 6.
3
What is the remainder when 75 is divided by 19?
18
Calculate the remainder when 871 is divided by 98.
87
Calculate the remainder when 3586 is divided by 275.
11
Calculate the remainder when 149 is divided by 6.
5
What is the remainder when 22701 is divided by 12?
9
What is the remainder when 99 is divided by 22?
11
What is the remainder when 6107 is divided by 149?
147
Calculate the remainder when 320 is divided by 17.
14
Calculate the remainder when 1587 is divided by 43.
39
Calculate the remainder when 208 is divided by 107.
101
Calculate the remainder when 131 is divided by 67.
64
Calculate the remainder when 1109 is divided by 367.
8
Calculate the remainder when 168 is divided by 66.
36
What is the remainder when 18950 is divided by 92?
90
Calculate the remainder when 3298 is divided by 6.
4
What is the remainder when 1077 is divided by 45?
42
What is the remainder when 199 is divided by 8?
7
Calculate the remainder when 368 is divided by 107.
47
Calculate the remainder when 2685 is divided by 64.
61
Calculate the remainder when 148 is divided by 17.
12
What is the remainder when 2495 is divided by 139?
132
What is the remainder when 153 is divided by 28?
13
What is the remainder when 26 is divided by 10?
6
What is the remainder when 149 is divided by 78?
71
What is the remainder when 2124 is divided by 38?
34
What is the remainder when 356 is divided by 88?
4
Calculate the remainder when 275 is divided by 51.
20
What is the remainder when 22 is divided by 4?
2
What is the remainder when 1320 is divided by 612?
96
What is the remainder when 437 is divided by 69?
23
Calculate the remainder when 237 is divided by 40.
37
Calculate the remainder when 2497 is divided by 21.
19
Calculate the remainder when 27 is divided by 2.
1
Calculate the remainder when 441 is divided by 91.
77
Calculate